{"id":54,"date":"2023-11-14T12:07:50","date_gmt":"2023-11-14T11:07:50","guid":{"rendered":"https:\/\/mecap.sn\/?page_id=54"},"modified":"2023-11-20T09:32:35","modified_gmt":"2023-11-20T08:32:35","slug":"qui-sommes-nous","status":"publish","type":"page","link":"https:\/\/mecap.sn\/?page_id=54","title":{"rendered":"Qui sommes nous"},"content":{"rendered":"<p>[et_pb_section fb_built=\u00a0\u00bb1&Prime; _builder_version=\u00a0\u00bb4.23.1&Prime; _module_preset=\u00a0\u00bbdefault\u00a0\u00bb global_colors_info=\u00a0\u00bb{}\u00a0\u00bb][et_pb_row _builder_version=\u00a0\u00bb4.23.1&Prime; _module_preset=\u00a0\u00bbdefault\u00a0\u00bb width=\u00a0\u00bb88%\u00a0\u00bb max_width=\u00a0\u00bb1996px\u00a0\u00bb global_colors_info=\u00a0\u00bb{}\u00a0\u00bb][et_pb_column type=\u00a0\u00bb4_4&Prime; _builder_version=\u00a0\u00bb4.23.1&Prime; _module_preset=\u00a0\u00bbdefault\u00a0\u00bb global_colors_info=\u00a0\u00bb{}\u00a0\u00bb][et_pb_image src=\u00a0\u00bbhttp:\/\/mecap.sn\/wp-content\/uploads\/2023\/11\/Cmptoire-Guichet-1_Plan-de-travail-1-copie-3-1.jpg\u00a0\u00bb title_text=\u00a0\u00bbCmptoire Guichet 1_Plan de travail 1 copie 3 (1)\u00a0\u00bb _builder_version=\u00a0\u00bb4.23.1&Prime; _module_preset=\u00a0\u00bbdefault\u00a0\u00bb box_shadow_style=\u00a0\u00bbpreset1&Prime; box_shadow_horizontal=\u00a0\u00bb17px\u00a0\u00bb box_shadow_vertical=\u00a0\u00bb-7px\u00a0\u00bb box_shadow_blur=\u00a0\u00bb41px\u00a0\u00bb box_shadow_spread=\u00a0\u00bb5px\u00a0\u00bb global_colors_info=\u00a0\u00bb{}\u00a0\u00bb][\/et_pb_image][\/et_pb_column][\/et_pb_row][et_pb_row _builder_version=\u00a0\u00bb4.23.1&Prime; _module_preset=\u00a0\u00bbdefault\u00a0\u00bb global_colors_info=\u00a0\u00bb{}\u00a0\u00bb][et_pb_column type=\u00a0\u00bb4_4&Prime; _builder_version=\u00a0\u00bb4.23.1&Prime; _module_preset=\u00a0\u00bbdefault\u00a0\u00bb global_colors_info=\u00a0\u00bb{}\u00a0\u00bb][et_pb_text _builder_version=\u00a0\u00bb4.23.1&Prime; _module_preset=\u00a0\u00bbdefault\u00a0\u00bb text_font=\u00a0\u00bbArial|||on|on||||\u00a0\u00bb text_font_size=\u00a0\u00bb28px\u00a0\u00bb text_orientation=\u00a0\u00bbcenter\u00a0\u00bb text_text_shadow_style=\u00a0\u00bbpreset3&Prime; text_text_shadow_horizontal_length=\u00a0\u00bb-0.42em\u00a0\u00bb text_text_shadow_vertical_length=\u00a0\u00bb0.05em\u00a0\u00bb text_text_shadow_blur_strength=\u00a0\u00bb0.5em\u00a0\u00bb global_colors_info=\u00a0\u00bb{}\u00a0\u00bb]<\/p>\n<p>PRESENTATION DE L&rsquo;HISTORIQUE DE LA MECAP<\/p>\n<p>[\/et_pb_text][\/et_pb_column][\/et_pb_row][et_pb_row _builder_version=\u00a0\u00bb4.23.1&Prime; _module_preset=\u00a0\u00bbdefault\u00a0\u00bb max_width=\u00a0\u00bb1428px\u00a0\u00bb global_colors_info=\u00a0\u00bb{}\u00a0\u00bb][et_pb_column type=\u00a0\u00bb4_4&Prime; _builder_version=\u00a0\u00bb4.23.1&Prime; _module_preset=\u00a0\u00bbdefault\u00a0\u00bb global_colors_info=\u00a0\u00bb{}\u00a0\u00bb][et_pb_text _builder_version=\u00a0\u00bb4.23.1&Prime; _module_preset=\u00a0\u00bbdefault\u00a0\u00bb text_font=\u00a0\u00bbArial||||||||\u00a0\u00bb global_colors_info=\u00a0\u00bb{}\u00a0\u00bb]<\/p>\n<p style=\"text-align: justify;\">En 2000, le chef de l&rsquo;Etat du S\u00e9n\u00e9gal s&rsquo;\u00e9tait beaucoup \u00e9mu de la situation \u00e9conomique et sociale des travailleurs du Secteur Public et Parapublic. C&rsquo;est ainsi qu&rsquo;il avait donn\u00e9 mission \u00e0 LA POSTE de lancer la r\u00e9flexion sur la cr\u00e9ation d&rsquo;un instrument capable de r\u00e9soudre et de pr\u00e9venir les probl\u00e8mes de l&rsquo;usure et du surendettement dans le secteur public et parapublic. Apr\u00e8s avoir invit\u00e9 tous les acteurs (fonctionnaires, agents des soci\u00e9t\u00e9s nationales et autres) concern\u00e9s \u00e0 la r\u00e9flexion, il a \u00e9t\u00e9 d\u00e9cid\u00e9 la cr\u00e9ation d&rsquo;une mutuelle d&rsquo;\u00e9pargne et de cr\u00e9dit pour les agents du secteur public et parapublic.<\/p>\n<p style=\"text-align: justify;\">Ainsi la Mutuelle d&rsquo;\u00c9pargne et de Cr\u00e9dit des Agents du Secteur Public et Parapublic (MECAP) est mise sur pied \u00e0 la suite d&rsquo;une Assembl\u00e9e G\u00e9n\u00e9rale Constitutive tenue le 23 d\u00e9cembre 2000 \u00e0 Dakar (H\u00f4tel Ind\u00e9pendance), sous la pr\u00e9sidence effective du Ministre de la Culture et de la Communication et du Directeur G\u00e9n\u00e9ral de LA POSTE. Sur instruction de l&rsquo;Etat, LA POSTE a contribu\u00e9 de fa\u00e7on significative \u00e0 la mise en place et au d\u00e9veloppement de LA MECAP en apportant un appui important et en veillant \u00e0 la bonne utilisation du fonds de dotation de l&rsquo;Etat. Elle a mis \u00e0 la disposition de la MECAP son r\u00e9seau et des ressources humaines et mat\u00e9rielles.<\/p>\n<h4 class=\"titreniv2\" style=\"text-align: justify;\"><span style=\"color: #808080;\"><strong>OBJECTIFS<\/strong><\/span><\/h4>\n<p style=\"text-align: justify;\"><span>Les objectifs de la MECAP sont les suivants :<\/span><\/p>\n<ul>\n<li style=\"text-align: justify;\"><img loading=\"lazy\" decoding=\"async\" src=\"images\/puce.gif\" width=\"10\" height=\"12\" \/>\u00a0 Promouvoir l&rsquo;\u00e9quilibre \u00e9conomique, social et moral de ses membres<\/li>\n<li style=\"text-align: justify;\"><img loading=\"lazy\" decoding=\"async\" src=\"images\/puce.gif\" width=\"10\" height=\"12\" \/>\u00a0 Lutter contre l&rsquo;usure et le sur endettement<\/li>\n<li style=\"text-align: justify;\"><img loading=\"lazy\" decoding=\"async\" src=\"images\/puce.gif\" width=\"10\" height=\"12\" \/>\u00a0 Favoriser l&rsquo;acc\u00e8s de ses membres au Cr\u00e9dit et \u00e0 l&rsquo;\u00e9pargne<\/li>\n<li style=\"text-align: justify;\"><img loading=\"lazy\" decoding=\"async\" src=\"images\/puce.gif\" width=\"10\" height=\"12\" \/>\u00a0 Contribuer \u00e0 la politique nationale de mobilisation de l&rsquo;\u00e9pargne<\/li>\n<\/ul>\n<p>[\/et_pb_text][et_pb_text _builder_version=\u00a0\u00bb4.23.1&Prime; _module_preset=\u00a0\u00bbdefault\u00a0\u00bb global_colors_info=\u00a0\u00bb{}\u00a0\u00bb]<\/p>\n<h4 class=\"titreniv2\" style=\"text-align: justify;\"><span style=\"color: #808080;\"><strong>ORGANISATION<\/strong><\/span><\/h4>\n<p style=\"text-align: justify;\"><span>LA MECAP est dirig\u00e9e par les organes suivants dont les membres sont \u00e9lus en assembl\u00e9e g\u00e9n\u00e9rale :<\/span><\/p>\n<ul>\n<li style=\"text-align: justify;\"><img loading=\"lazy\" decoding=\"async\" src=\"images\/puce.gif\" width=\"10\" height=\"12\" \/>\u00a0 le Conseil d&rsquo;Administration,<\/li>\n<li style=\"text-align: justify;\"><img loading=\"lazy\" decoding=\"async\" src=\"images\/puce.gif\" width=\"10\" height=\"12\" \/>\u00a0 le Comit\u00e9 de Cr\u00e9dit,<\/li>\n<li style=\"text-align: justify;\"><img loading=\"lazy\" decoding=\"async\" src=\"images\/puce.gif\" width=\"10\" height=\"12\" \/>\u00a0 le Conseil de Surveillance.<\/li>\n<\/ul>\n<p style=\"text-align: justify;\"><span>Chaque organe compte un effectif de douze (12) membres et un bureau compos\u00e9 d&rsquo;un (1) pr\u00e9sident, d&rsquo;un (1) vice pr\u00e9sident et d&rsquo;un (1) secr\u00e9taire. Dans le respect des principes de transparence financi\u00e8re, un cabinet d&rsquo;expertise comptable est d\u00e9sign\u00e9 comme commissaire aux comptes externe. La gestion de LA MECAP est confi\u00e9e \u00e0 un Directeur nomm\u00e9 par le Conseil d&rsquo;Administration et appuy\u00e9 par un personnel technique qui compte un effectif d&rsquo;une soixantaine de personnes r\u00e9parti dans plusieurs services :<\/span><\/p>\n<ul>\n<li style=\"text-align: justify;\"><img loading=\"lazy\" decoding=\"async\" src=\"images\/puce.gif\" width=\"10\" height=\"12\" \/>\u00a0Le service de l&rsquo;Exploitation et du R\u00e9seau.<\/li>\n<li style=\"text-align: justify;\"><img loading=\"lazy\" decoding=\"async\" src=\"images\/puce.gif\" width=\"10\" height=\"12\" \/>\u00a0Le service des Finances et de la Comptabilit\u00e9.<\/li>\n<li style=\"text-align: justify;\"><img loading=\"lazy\" decoding=\"async\" src=\"images\/puce.gif\" width=\"10\" height=\"12\" \/>\u00a0Le service des Ressources Humaines et Moyens G\u00e9n\u00e9raux.<\/li>\n<li style=\"text-align: justify;\"><img loading=\"lazy\" decoding=\"async\" src=\"images\/puce.gif\" width=\"10\" height=\"12\" \/>\u00a0Le service du Recouvrement.<\/li>\n<li style=\"text-align: justify;\"><img loading=\"lazy\" decoding=\"async\" src=\"images\/puce.gif\" width=\"10\" height=\"12\" \/>\u00a0Le service de l&rsquo; Audit et du Contr\u00f4le Interne.<\/li>\n<li style=\"text-align: justify;\"><img loading=\"lazy\" decoding=\"async\" src=\"images\/puce.gif\" width=\"10\" height=\"12\" \/>\u00a0Le Service des Syst\u00e8mes d&rsquo;Information.<\/li>\n<li style=\"text-align: justify;\"><img loading=\"lazy\" decoding=\"async\" src=\"images\/puce.gif\" width=\"10\" height=\"12\" \/>\u00a0Le service Conformit\u00e9 et Contr\u00f4le Permanent.<\/li>\n<li style=\"text-align: justify;\"><img loading=\"lazy\" decoding=\"async\" src=\"images\/puce.gif\" width=\"10\" height=\"12\" \/>\u00a0Le Service Commercial.<\/li>\n<\/ul>\n<h4 class=\"titreniv2\" style=\"text-align: justify;\"><span style=\"color: #808080;\"><strong>RESEAU<\/strong><\/span><\/h4>\n<p style=\"text-align: justify;\"><span>La MECAP dispose \u00e9galement de points de services fonctionnels \u00e0 Thi\u00e8s, Ziguinchor, Saint Louis, Kolda, Kaolack ,Tambacounda, Mbour, Rufisque, Ourossogui et utilise tout le r\u00e9seau postal.<\/span><\/p>\n<p>[\/et_pb_text][\/et_pb_column][\/et_pb_row][\/et_pb_section][et_pb_section fb_built=\u00a0\u00bb1&Prime; _builder_version=\u00a0\u00bb4.23.1&Prime; _module_preset=\u00a0\u00bbdefault\u00a0\u00bb bottom_divider_style=\u00a0\u00bbarrow3&Prime; bottom_divider_color=\u00a0\u00bb#E06100&Prime; bottom_divider_height=\u00a0\u00bb122px\u00a0\u00bb hover_enabled=\u00a0\u00bb0&Prime; global_colors_info=\u00a0\u00bb{}\u00a0\u00bb sticky_enabled=\u00a0\u00bb0&Prime;][\/et_pb_section]<\/p>\n","protected":false},"excerpt":{"rendered":"<p>PRESENTATION DE L&rsquo;HISTORIQUE DE LA MECAPEn 2000, le chef de l&rsquo;Etat du S\u00e9n\u00e9gal s&rsquo;\u00e9tait beaucoup \u00e9mu de la situation \u00e9conomique et sociale des travailleurs du Secteur Public et Parapublic. C&rsquo;est ainsi qu&rsquo;il avait donn\u00e9 mission \u00e0 LA POSTE de lancer la r\u00e9flexion sur la cr\u00e9ation d&rsquo;un instrument capable de r\u00e9soudre et de pr\u00e9venir les probl\u00e8mes [&hellip;]<\/p>\n","protected":false},"author":1,"featured_media":0,"parent":0,"menu_order":0,"comment_status":"closed","ping_status":"closed","template":"","meta":{"_et_pb_use_builder":"on","_et_pb_old_content":"<!-- wp:divi\/placeholder \/-->","_et_gb_content_width":"","footnotes":""},"class_list":["post-54","page","type-page","status-publish","hentry"],"_links":{"self":[{"href":"https:\/\/mecap.sn\/index.php?rest_route=\/wp\/v2\/pages\/54","targetHints":{"allow":["GET"]}}],"collection":[{"href":"https:\/\/mecap.sn\/index.php?rest_route=\/wp\/v2\/pages"}],"about":[{"href":"https:\/\/mecap.sn\/index.php?rest_route=\/wp\/v2\/types\/page"}],"author":[{"embeddable":true,"href":"https:\/\/mecap.sn\/index.php?rest_route=\/wp\/v2\/users\/1"}],"replies":[{"embeddable":true,"href":"https:\/\/mecap.sn\/index.php?rest_route=%2Fwp%2Fv2%2Fcomments&post=54"}],"version-history":[{"count":4,"href":"https:\/\/mecap.sn\/index.php?rest_route=\/wp\/v2\/pages\/54\/revisions"}],"predecessor-version":[{"id":241,"href":"https:\/\/mecap.sn\/index.php?rest_route=\/wp\/v2\/pages\/54\/revisions\/241"}],"wp:attachment":[{"href":"https:\/\/mecap.sn\/index.php?rest_route=%2Fwp%2Fv2%2Fmedia&parent=54"}],"curies":[{"name":"wp","href":"https:\/\/api.w.org\/{rel}","templated":true}]}}