{"id":62,"date":"2023-11-14T12:09:05","date_gmt":"2023-11-14T11:09:05","guid":{"rendered":"https:\/\/mecap.sn\/?page_id=62"},"modified":"2023-11-17T17:03:33","modified_gmt":"2023-11-17T16:03:33","slug":"epargnes","status":"publish","type":"page","link":"http:\/\/mecap.sn\/?page_id=62","title":{"rendered":"Epargnes"},"content":{"rendered":"<p>[et_pb_section fb_built=\u00a0\u00bb1&Prime; _builder_version=\u00a0\u00bb4.23.1&Prime; _module_preset=\u00a0\u00bbdefault\u00a0\u00bb top_divider_style=\u00a0\u00bbarrow3&Prime; top_divider_color=\u00a0\u00bb#E06100&Prime; global_colors_info=\u00a0\u00bb{}\u00a0\u00bb][\/et_pb_section][et_pb_section fb_built=\u00a0\u00bb1&Prime; _builder_version=\u00a0\u00bb4.23.1&Prime; _module_preset=\u00a0\u00bbdefault\u00a0\u00bb global_colors_info=\u00a0\u00bb{}\u00a0\u00bb custom_margin=\u00a0\u00bb-76px|||||\u00a0\u00bb custom_padding=\u00a0\u00bb7px|||||\u00a0\u00bb][et_pb_row _builder_version=\u00a0\u00bb4.23.1&Prime; _module_preset=\u00a0\u00bbdefault\u00a0\u00bb global_colors_info=\u00a0\u00bb{}\u00a0\u00bb][et_pb_column type=\u00a0\u00bb4_4&Prime; _builder_version=\u00a0\u00bb4.23.1&Prime; _module_preset=\u00a0\u00bbdefault\u00a0\u00bb global_colors_info=\u00a0\u00bb{}\u00a0\u00bb][et_pb_text _builder_version=\u00a0\u00bb4.23.1&Prime; _module_preset=\u00a0\u00bbdefault\u00a0\u00bb text_font=\u00a0\u00bbArial|700||on|||||\u00a0\u00bb text_text_color=\u00a0\u00bb#474747&Prime; text_font_size=\u00a0\u00bb55px\u00a0\u00bb text_orientation=\u00a0\u00bbcenter\u00a0\u00bb background_layout=\u00a0\u00bbdark\u00a0\u00bb text_text_shadow_style=\u00a0\u00bbpreset1&Prime; global_colors_info=\u00a0\u00bb{}\u00a0\u00bb]<\/p>\n<p>LES PRODUITS D&rsquo;EPARGNE<\/p>\n<p>[\/et_pb_text][\/et_pb_column][\/et_pb_row][\/et_pb_section][et_pb_section fb_built=\u00a0\u00bb1&Prime; _builder_version=\u00a0\u00bb4.23.1&Prime; _module_preset=\u00a0\u00bbdefault\u00a0\u00bb width=\u00a0\u00bb100%\u00a0\u00bb max_width=\u00a0\u00bb100%\u00a0\u00bb global_colors_info=\u00a0\u00bb{}\u00a0\u00bb custom_margin=\u00a0\u00bb-55px|||||\u00a0\u00bb][et_pb_row column_structure=\u00a0\u00bb1_2,1_2&Prime; _builder_version=\u00a0\u00bb4.23.1&Prime; _module_preset=\u00a0\u00bbdefault\u00a0\u00bb max_width=\u00a0\u00bb1996px\u00a0\u00bb global_colors_info=\u00a0\u00bb{}\u00a0\u00bb][et_pb_column type=\u00a0\u00bb1_2&Prime; _builder_version=\u00a0\u00bb4.23.1&Prime; _module_preset=\u00a0\u00bbdefault\u00a0\u00bb global_colors_info=\u00a0\u00bb{}\u00a0\u00bb][et_pb_image src=\u00a0\u00bbhttp:\/\/mecap.sn\/wp-content\/uploads\/2023\/11\/epargne.png\u00a0\u00bb title_text=\u00a0\u00bbepargne\u00a0\u00bb force_fullwidth=\u00a0\u00bbon\u00a0\u00bb _builder_version=\u00a0\u00bb4.23.1&Prime; _module_preset=\u00a0\u00bbdefault\u00a0\u00bb global_colors_info=\u00a0\u00bb{}\u00a0\u00bb][\/et_pb_image][\/et_pb_column][et_pb_column type=\u00a0\u00bb1_2&Prime; _builder_version=\u00a0\u00bb4.23.1&Prime; _module_preset=\u00a0\u00bbdefault\u00a0\u00bb global_colors_info=\u00a0\u00bb{}\u00a0\u00bb][et_pb_text _builder_version=\u00a0\u00bb4.23.1&Prime; _module_preset=\u00a0\u00bbdefault\u00a0\u00bb text_font=\u00a0\u00bbArial||||||||\u00a0\u00bb text_text_color=\u00a0\u00bb#E06100&Prime; text_font_size=\u00a0\u00bb18px\u00a0\u00bb text_line_height=\u00a0\u00bb1.3em\u00a0\u00bb global_colors_info=\u00a0\u00bb{}\u00a0\u00bb]<\/p>\n<p><span style=\"color: #ff6600;\"><strong><\/strong><\/span><\/p>\n<p><span style=\"color: #ff6600;\"><strong>1.\u21d2<\/strong>\u00a0 \u00a0<span style=\"text-decoration: underline;\"><strong>EPARGNE RETRAITE<\/strong><\/span> :<\/span><\/p>\n<p style=\"text-align: justify;\"><span style=\"color: #ff6600;\"><span style=\"color: #808080;\"><span>L&rsquo;\u00e9pargne retraite est une \u00e9pargne obligatoire pour tout membre de la MECAP. Il consiste en des versements mensuels.<\/span><\/span><\/span><\/p>\n<p><span style=\"color: #ff6600;\"><strong>2.\u21d2<\/strong>\u00a0 \u00a0<span style=\"text-decoration: underline;\"><strong>EPARGNE PREVOYANCE<\/strong><\/span> :\u00a0<\/span><\/p>\n<p style=\"text-align: justify;\"><span style=\"color: #808080;\">L&rsquo;\u00e9pargne pr\u00e9voyance permet aux b\u00e9n\u00e9ficiaires de constituer des fonds de r\u00e9serves pour faire face \u00e0 des d\u00e9penses impr\u00e9vues ou courantes. C&rsquo;est un d\u00e9p\u00f4t libre sur lequel le membre peut faire des retraits \u00e0 tout moment. Cette \u00e9pargne n&rsquo;est pas r\u00e9mun\u00e9r\u00e9e.<\/span><\/p>\n<p><span style=\"color: #808080;\"><span style=\"color: #ff6600;\"><strong>3.\u21d2<\/strong>\u00a0 \u00a0<span style=\"text-decoration: underline;\"><strong>EPARGNE BLOQUEE<\/strong><\/span>\u00a0:<\/span><\/span><\/p>\n<p style=\"text-align: justify;\"><span style=\"color: #808080;\">C&rsquo;est une \u00e9pargne constitu\u00e9e sous forme de versement unique. Le montant \u00e9pargn\u00e9 est bloqu\u00e9 pendant au moins une p\u00e9riode sup\u00e9rieure ou \u00e9gale \u00e0 trois (3) mois.<\/span><\/p>\n<p><span style=\"color: #808080;\"><span style=\"color: #ff6600;\"><strong>4.\u21d2<\/strong>\u00a0 \u00a0<b><u>PLAN EPARGNE PROJET<\/u><\/b>\u00a0:<\/span><\/span><\/p>\n<p style=\"text-align: justify;\"><span style=\"color: #808080;\"><span>Ce produit permet aux membres de constituer \u00e9pargne dans un but d\u00e9termin\u00e9.<\/span><\/span><\/p>\n<p><span style=\"color: #808080;\"><\/span><\/p>\n<p><span style=\"color: #ff6600;\"><\/span><\/p>\n<p><span style=\"color: #ff6600;\"><span style=\"color: #808080;\"><span><\/span><\/span><\/span><\/p>\n<p><span style=\"color: #ff6600;\"><\/span><\/p>\n<p><span style=\"color: #ff6600;\"><\/span><\/p>\n<p>[\/et_pb_text][\/et_pb_column][\/et_pb_row][\/et_pb_section][et_pb_section fb_built=\u00a0\u00bb1&Prime; _builder_version=\u00a0\u00bb4.23.1&Prime; _module_preset=\u00a0\u00bbdefault\u00a0\u00bb bottom_divider_style=\u00a0\u00bbarrow3&Prime; bottom_divider_color=\u00a0\u00bb#E06100&Prime; global_colors_info=\u00a0\u00bb{}\u00a0\u00bb custom_margin=\u00a0\u00bb-148px|||||\u00a0\u00bb][et_pb_row _builder_version=\u00a0\u00bb4.23.1&Prime; _module_preset=\u00a0\u00bbdefault\u00a0\u00bb global_colors_info=\u00a0\u00bb{}\u00a0\u00bb][et_pb_column type=\u00a0\u00bb4_4&Prime; _builder_version=\u00a0\u00bb4.23.1&Prime; _module_preset=\u00a0\u00bbdefault\u00a0\u00bb global_colors_info=\u00a0\u00bb{}\u00a0\u00bb][\/et_pb_column][\/et_pb_row][\/et_pb_section]<\/p>\n","protected":false},"excerpt":{"rendered":"<p>LES PRODUITS D&rsquo;EPARGNE 1.\u21d2\u00a0 \u00a0EPARGNE RETRAITE : L&rsquo;\u00e9pargne retraite est une \u00e9pargne obligatoire pour tout membre de la MECAP. Il consiste en des versements mensuels. 2.\u21d2\u00a0 \u00a0EPARGNE PREVOYANCE :\u00a0 L&rsquo;\u00e9pargne pr\u00e9voyance permet aux b\u00e9n\u00e9ficiaires de constituer des fonds de r\u00e9serves pour faire face \u00e0 des d\u00e9penses impr\u00e9vues ou courantes. C&rsquo;est un d\u00e9p\u00f4t libre sur lequel [&hellip;]<\/p>\n","protected":false},"author":1,"featured_media":0,"parent":0,"menu_order":0,"comment_status":"closed","ping_status":"closed","template":"","meta":{"_et_pb_use_builder":"on","_et_pb_old_content":"<!-- wp:divi\/placeholder \/-->","_et_gb_content_width":"","footnotes":""},"class_list":["post-62","page","type-page","status-publish","hentry"],"_links":{"self":[{"href":"http:\/\/mecap.sn\/index.php?rest_route=\/wp\/v2\/pages\/62","targetHints":{"allow":["GET"]}}],"collection":[{"href":"http:\/\/mecap.sn\/index.php?rest_route=\/wp\/v2\/pages"}],"about":[{"href":"http:\/\/mecap.sn\/index.php?rest_route=\/wp\/v2\/types\/page"}],"author":[{"embeddable":true,"href":"http:\/\/mecap.sn\/index.php?rest_route=\/wp\/v2\/users\/1"}],"replies":[{"embeddable":true,"href":"http:\/\/mecap.sn\/index.php?rest_route=%2Fwp%2Fv2%2Fcomments&post=62"}],"version-history":[{"count":6,"href":"http:\/\/mecap.sn\/index.php?rest_route=\/wp\/v2\/pages\/62\/revisions"}],"predecessor-version":[{"id":230,"href":"http:\/\/mecap.sn\/index.php?rest_route=\/wp\/v2\/pages\/62\/revisions\/230"}],"wp:attachment":[{"href":"http:\/\/mecap.sn\/index.php?rest_route=%2Fwp%2Fv2%2Fmedia&parent=62"}],"curies":[{"name":"wp","href":"https:\/\/api.w.org\/{rel}","templated":true}]}}